ate the remainder when 4447173 is divided by 11703.
33
Calculate the remainder when 24404754 is divided by 1915.
1909
Calculate the remainder when 5585487 is divided by 3560.
3407
What is the remainder when 10103235 is divided by 26?
25
Calculate the remainder when 139624 is divided by 441.
268
Calculate the remainder when 32197 is divided by 1508.
529
Calculate the remainder when 3639794 is divided by 3639745.
49
What is the remainder when 1715694 is divided by 261?
141
Calculate the remainder when 1870037 is divided by 51945.
17
Calculate the remainder when 3350106 is divided by 144.
90
What is the remainder when 4122624 is divided by 156?
12
Calculate the remainder when 1009118 is divided by 168143.
260
What is the remainder when 334619 is divided by 10168?
9243
Calculate the remainder when 986228 is divided by 96.
20
Calculate the remainder when 76997 is divided by 442.
89
Calculate the remainder when 659247 is divided by 2616.
15
Calculate the remainder when 3519836 is divided by 1213.
923
What is the remainder when 18415295 is divided by 576?
575
What is the remainder when 178486262 is divided by 1448?
1438
What is the remainder when 1660123 is divided by 15?
13
What is the remainder when 1377138 is divided by 1723?
461
Calculate the remainder when 1569485 is divided by 1864.
1861
Calculate the remainder when 49893 is divided by 4800.
1893
Calculate the remainder when 475579 is divided by 811.
333
What is the remainder when 17356235 is divided by 4013?
10
Calculate the remainder when 438642032 is divided by 1059.
1055
What is the remainder when 749316 is divided by 207?
183
Calculate the remainder when 61061 is divided by 1036.
973
What is the remainder when 32781 is divided by 1448?
925
Calculate the remainder when 6825143 is divided by 272996.
243
Calculate the remainder when 595625 is divided by 297789.
47
What is the remainder when 194033 is divided by 335?
68
Calculate the remainder when 5698767 is divided by 16.
15
Calculate the remainder when 502717 is divided by 26421.
718
Calculate the remainder when 3314719 is divided by 6474.
31
Calculate the remainder when 7486845 is divided by 1069548.
9
What is the remainder when 8165374 is divided by 4318?
36
What is the remainder when 124017 is divided by 12276?
1257
Calculate the remainder when 3316060 is divided by 62567.
9
Calculate the remainder when 18634 is divided by 18611.
23
What is the remainder when 129250 is divided by 867?
67
What is the remainder when 8169008 is divided by 306?
32
What is the remainder when 56300 is divided by 294?
146
What is the remainder when 147390 is divided by 141001?
6389
What is the remainder when 348632 is divided by 87102?
224
Calculate the remainder when 311020 is divided by 5270.
90
Calculate the remainder when 25407010 is divided by 50.
10
Calculate the remainder when 98670 is divided by 6800.
3470
Calculate the remainder when 74939039 is divided by 209.
208
Calculate the remainder when 1680301 is divided by 4732.
441
Calculate the remainder when 17207811 is divided by 811.
13
Calculate the remainder when 1531326 is divided by 27.
21
What is the remainder when 197829 is divided by 1709?
1294
What is the remainder when 2844379 is divided by 1422044?
291
What is the remainder when 15620507 is divided by 2728?
2707
Calculate the remainder when 1216637 is divided by 427.
114
Calculate the remainder when 97488 is divided by 2364.
564
Calculate the remainder when 225798 is divided by 98.
6
Calculate the remainder when 41755016 is divided by 12.
8
What is the remainder when 65332316 is divided by 8166538?
12
What is the remainder when 1074307 is divided by 3207?
3169
What is the remainder when 2559500 is divided by 63?
62
What is the remainder when 346663 is divided by 38516?
19
Calculate the remainder when 7082469 is divided by 11.
9
What is the remainder when 475896 is divided by 101?
85
Calculate the remainder when 44534 is divided by 2474.
2
What is the remainder when 279231 is divided by 90980?
6291
Calculate the remainder when 2238794 is divided by 2266.
2252
Calculate the remainder when 73718 is divided by 5662.
112
What is the remainder when 3743487 is divided by 5?
2
What is the remainder when 34361383 is divided by 9?
4
What is the remainder when 5238769 is divided by 3608?
3561
Calculate the remainder when 304524 is divided by 3911.
3377
Calculate the remainder when 80375103 is divided by 42.
39
What is the remainder when 8307 is divided by 89?
30
What is the remainder when 222170 is divided by 71806?
6752
What is the remainder when 339222603 is divided by 327?
324
Calculate the remainder when 299101493 is divided by 12.
5
What is the remainder when 335022 is divided by 61?
10
What is the remainder when 13203903 is divided by 107?
103
What is the remainder when 24462 is divided by 6761?
4179
Calculate the remainder when 12453573 is divided by 2075591.
27
Calculate the remainder when 379692 is divided by 1609.
1577
Calculate the remainder when 200488 is divided by 1038.
154
What is the remainder when 51589504 is divided by 172?
168
Calculate the remainder when 206609528 is divided by 224.
216
Calculate the remainder when 130893404 is divided by 14.
12
Calculate the remainder when 122652 is divided by 1149.
858
Calculate the remainder when 11557837 is divided by 375.
337
Calculate the remainder when 903505 is divided by 180673.
140
Calculate the remainder when 358611418 is divided by 5902.
5898
What is the remainder when 4068745 is divided by 105?
100
Calculate the remainder when 9889003 is divided by 453.
13
Calculate the remainder when 485486 is divided by 3763.
59
What is the remainder when 777414 is divided by 777395?
19
What is the remainder when 3179405 is divided by 317916?
245
Calculate the remainder when 74973 is divided by 525.
423
Calculate the remainder when 3829697 is divided by 1276532.
101
Calculate the remainder when 5119754 is divided by 5203.
2
Calculate the remainder when 4597914 is divided by 240.
234
What is the remainder when 597664 is divided by 22971?
418
What is the remainder when 43347200 is divided by 643?
641
What is the remainder when 66664 is divided by 20?
4
Calculate the remainder when 2034422 is divided by 418.
16
What is the remainder when 29038 is divided by 3830?
2228
What is the remainder when 83132540 is divided by 2140?
2100
Calculate the remainder when 531303 is divided by 88501.
297
What is the remainder when 118367791 is divided by 58?
57
What is the remainder when 1655333 is divided by 3407?
2938
Calculate the remainder when 827627 is divided by 2956.
2903
Calculate the remainder when 697748 is divided by 11.
7
Calculate the remainder when 1560210 is divided by 779614.
982
Calculate the remainder when 13567769 is divided by 5977.
5956
What is the remainder when 107877783 is divided by 46883?
0
Calculate the remainder when 52313740 is divided by 69.
10
Calculate the remainder when 921964 is divided by 2899.
82
What is the remainder when 7633897 is divided by 1673?
1671
What is the remainder when 2386629 is divided by 6398?
175
What is the remainder when 5125638 is divided by 854266?
42
What is the remainder when 5349648 is divided by 63?
3
What is the remainder when 1716919 is divided by 9084?
43
What is the remainder when 17614069 is divided by 978559?
7
Calculate the remainder when 12388826 is divided by 73742.
170
Calculate the remainder when 30068603 is divided by 5024.
4987
What is the remainder when 3293670 is divided by 214?
210
What is the remainder when 660244 is divided by 4891?
4850
What is the remainder when 37803156 is divided by 2830?
16
Calculate the remainder when 212056 is divided by 1963.
52
Calculate the remainder when 643426 is divided by 61.
59
Calculate the remainder when 7148412 is divided by 2382803.
3
What is the remainder when 135464 is divided by 47?
10
Calculate the remainder when 5161201 is divided by 264.
1
Calculate the remainder when 628229 is divided by 1249.
1231
Calculate the remainder when 5941959 is divided by 459.
204
What is the remainder when 21305756 is divided by 373?
369
Calculate the remainder when 3733219 is divided by 1098.
19
What is the remainder when 996099 is divided by 45276?
27
What is the remainder when 14943614 is divided by 130?
114
Calculate 